common factor of 104696 and 1564.
92
What is the greatest common divisor of 380 and 3667?
19
Calculate the greatest common divisor of 175 and 19975.
25
What is the highest common divisor of 1776 and 643911?
111
Calculate the highest common divisor of 564341 and 402.
67
Calculate the highest common factor of 403 and 624.
13
What is the greatest common factor of 4406588 and 93?
31
What is the highest common factor of 318 and 9682782?
318
Calculate the greatest common factor of 2300 and 540.
20
Calculate the highest common divisor of 15345 and 135315.
1395
Calculate the highest common factor of 31296 and 1920.
192
What is the highest common divisor of 2770 and 6430?
10
Calculate the greatest common factor of 161417 and 1271.
1271
What is the highest common divisor of 1666 and 4018?
98
Calculate the highest common factor of 12 and 546432.
12
Calculate the highest common factor of 36 and 23481.
9
What is the greatest common factor of 932904 and 1008?
504
Calculate the highest common divisor of 125 and 10280.
5
Calculate the highest common divisor of 497 and 15052.
71
Calculate the highest common factor of 189 and 26943.
21
What is the highest common factor of 4348476 and 792?
396
Calculate the highest common factor of 43919 and 5809.
37
Calculate the highest common factor of 192419 and 317.
317
Calculate the highest common divisor of 11415 and 10.
5
Calculate the greatest common factor of 47616 and 4216.
248
Calculate the greatest common factor of 160 and 8144.
16
Calculate the greatest common divisor of 6 and 108282.
6
What is the highest common divisor of 1182 and 28959?
591
What is the greatest common divisor of 56 and 22603?
7
What is the highest common factor of 362533 and 43?
43
What is the greatest common factor of 453049 and 179?
179
What is the greatest common divisor of 57403 and 2095?
419
Calculate the highest common factor of 7090 and 2210.
10
Calculate the greatest common divisor of 144 and 141894.
18
What is the greatest common divisor of 611620 and 106?
106
What is the greatest common divisor of 16583 and 644?
161
What is the highest common divisor of 288 and 62352?
144
What is the highest common divisor of 6 and 261654?
6
Calculate the highest common divisor of 8570 and 1136382.
1714
What is the greatest common factor of 421638 and 210?
42
Calculate the highest common factor of 3538 and 2088.
58
What is the highest common divisor of 10057 and 1513?
89
What is the highest common factor of 17334 and 5350?
214
What is the greatest common divisor of 591 and 6?
3
What is the highest common divisor of 62590 and 1870?
110
What is the highest common divisor of 16852 and 8?
4
Calculate the greatest common factor of 2562395 and 165.
55
Calculate the greatest common factor of 76630 and 776.
194
Calculate the greatest common divisor of 3498 and 131758.
1166
Calculate the highest common divisor of 2791980 and 540.
180
What is the highest common factor of 33838 and 686?
14
Calculate the highest common divisor of 56 and 107513.
7
What is the highest common factor of 737475 and 150?
75
What is the highest common divisor of 495 and 2655?
45
What is the greatest common factor of 59314 and 4606?
94
What is the highest common divisor of 10 and 9473150?
10
What is the greatest common divisor of 216 and 240003?
27
What is the greatest common factor of 56 and 1190?
14
Calculate the greatest common factor of 402 and 98758.
134
What is the highest common factor of 62849 and 17?
17
Calculate the highest common factor of 62 and 40114.
62
What is the greatest common divisor of 242 and 79134?
242
Calculate the greatest common divisor of 559 and 1222533.
559
Calculate the highest common divisor of 284981 and 9063.
1007
Calculate the highest common divisor of 197 and 591.
197
What is the greatest common factor of 77682 and 6?
6
Calculate the highest common divisor of 14 and 72737.
7
Calculate the highest common factor of 13975 and 3575.
325
Calculate the greatest common factor of 1 and 193847.
1
What is the highest common factor of 3575 and 72475?
325
What is the highest common divisor of 15224 and 1012?
44
Calculate the greatest common divisor of 149800 and 214.
214
Calculate the greatest common factor of 13 and 261313.
13
Calculate the greatest common divisor of 1235794 and 2884.
1442
What is the highest common factor of 84 and 1912036?
28
What is the highest common divisor of 1047 and 930783?
1047
Calculate the highest common factor of 470977 and 39.
13
Calculate the highest common factor of 183094 and 86.
86
Calculate the highest common factor of 1483 and 293.
1
What is the highest common divisor of 40 and 5352?
8
Calculate the greatest common divisor of 1568 and 258328.
392
What is the highest common factor of 790 and 52810?
10
What is the greatest common factor of 18300 and 13425?
75
Calculate the greatest common divisor of 48 and 508.
4
Calculate the highest common divisor of 244 and 1152.
4
What is the greatest common factor of 65 and 710?
5
Calculate the greatest common factor of 2509166 and 748.
374
Calculate the greatest common factor of 348 and 2679774.
174
What is the highest common factor of 533329 and 942?
157
Calculate the highest common divisor of 2646 and 2311281.
1323
What is the highest common factor of 15228 and 306?
18
What is the highest common divisor of 156 and 95712?
12
Calculate the greatest common divisor of 155133 and 99.
99
Calculate the greatest common divisor of 12581 and 6017.
547
What is the highest common divisor of 87 and 54317?
29
What is the highest common factor of 11629 and 1160?
29
Calculate the greatest common factor of 236 and 5092880.
236
What is the greatest common divisor of 156 and 171860?
52
What is the greatest common divisor of 167676 and 36?
12
Calculate the greatest common divisor of 84 and 13958.
14
What is the greatest common factor of 2554 and 2?
2
Calculate the highest common factor of 30 and 561510.
30
Calculate the highest common divisor of 18 and 4033242.
18
What is the greatest common factor of 89262 and 722?
38
Calculate the greatest common factor of 91 and 804167.
91
What is the greatest common divisor of 327 and 3421401?
327
Calculate the highest common factor of 118384 and 504.
56
What is the greatest common divisor of 32 and 114428?
4
What is the highest common factor of 228781 and 322?
161
What is the greatest common factor of 2520 and 46305?
315
What is the greatest common factor of 249081 and 1653?
87
What is the highest common divisor of 4425 and 60?
15
Calculate the highest common divisor of 128288 and 912.
304
Calculate the greatest common divisor of 27 and 261333.
27
Calculate the highest common divisor of 5149251 and 162.
81
Calculate the highest common divisor of 577514 and 4.
2
What is the highest common divisor of 1192962 and 6?
6
Calculate the highest common factor of 148774 and 219.
73
Calculate the highest common factor of 143808 and 464.
16
What is the highest common divisor of 8184 and 1500?
12
Calculate the greatest common factor of 1147 and 635771.
37
Calculate the highest common divisor of 50324 and 25024.
92
Calculate the highest common divisor of 6138 and 131006.
62
Calculate the greatest common factor of 2186880 and 5.
5
Calculate the greatest common factor of 1214 and 1224319.
607
Calculate the greatest common factor of 1968 and 20193648.
1968
Calculate the greatest common factor of 2814 and 291718.
938
Calculate the highest common divisor of 516 and 32594.
86
Calculate the greatest common factor of 12699 and 357.
51
What is the greatest common divisor of 1490 and 530?
10
Calculate the highest common factor of 27676 and 666.
74
What is the greatest common divisor of 37 and 1547599?
37
What is the greatest common divisor of 36 and 1000152?
36
Calculate the greatest common factor of 118 and 164138.
118
What is the highest common divisor of 44 and 74514?
22
Calculate the greatest common divisor of 60334 and 388.
194
Calculate the greatest common factor of 8506 and 14.
2
What is the highest common divisor of 9750 and 27950?
650
Calculate the greatest common divisor of 686 and 379015.
343
What is the highest common factor of 16 and 1887344?
16
Calculate the greatest common divisor of 33 and 19613.
11
Calculate the highest common factor of 44 and 27478.
22
What is the highest c